3).
1338
Let q(s) = -1481*s**2 - 7393*s + 13. Determine q(-5).
-47
Let v(d) = -15*d**3 + 16*d**2 + 2850*d - 8288. Give v(3).
1
Let v(f) = -1083*f - 114978. What is v(-106)?
-180
Let l(g) = -3*g**3 + 445*g**2 + 326*g - 4142. Calculate l(149).
30
Let s(b) = 2068*b - 58162. What is s(28)?
-258
Let t(c) = 1409612*c + 8457671. Calculate t(-6).
-1
Let u(c) = 15*c**3 - 49*c**2 - 349*c - 32. Calculate u(-4).
-380
Let b(g) = 5*g**3 - 91*g**2 - 8*g - 179. What is b(19)?
1113
Let g(u) = 14*u**2 - 496*u + 600. Give g(34).
-80
Let t(v) = -14*v**2 - 916*v + 29377. Give t(-89).
7
Let w(m) = 17*m**3 + 1003*m**2 + 8*m + 475. Calculate w(-59).
3
Let q(s) = 2996*s - 99335. Calculate q(34).
2529
Let k(r) = 248*r - 2891. What is k(12)?
85
Let v(d) = 466*d - 35. Calculate v(3).
1363
Let b(t) = 7171*t - 1907488. Give b(266).
-2
Let a(w) = -w**3 - 102*w**2 + 4291*w + 187. What is a(32)?
283
Let r(n) = n**2 - 194*n + 8172. What is r(63)?
-81
Let v(r) = 196*r**2 + 7*r - 57. What is v(-3)?
1686
Let u(n) = -2*n**3 - 7*n**2 + 46*n + 226. What is u(-12)?
2122
Let o(j) = 6*j**2 - 370*j - 158. Determine o(62).
-34
Let h(c) = c**3 - 19*c**2 - 297*c - 23. Give h(-10).
47
Let g(b) = -6*b**3 - 98*b**2 + 1500*b - 122. Give g(-26).
86
Let y(h) = h**2 - 26624*h - 4447143. Calculate y(-166).
-3
Let f(b) = -4*b**2 + 277*b - 3728. Determine f(16).
-320
Let r(c) = -16*c**2 - 298*c - 958. Determine r(-18).
-778
Let d(s) = -205681*s - 4730662. What is d(-23)?
1
Let j(a) = -3*a**3 + 266*a**2 + 64*a + 932. Calculate j(89).
-1293
Let n(g) = -126*g**2 + 42. Give n(4).
-1974
Let a(i) = 252*i**2 + 66*i + 429. What is a(-5)?
6399
Let x(o) = -28*o + 1266. Calculate x(47).
-50
Let w(q) = 2*q**2 + 126*q - 12129. What is w(52)?
-169
Let g(n) = -1417*n - 9858. Determine g(-6).
-1356
Let l(p) = 3*p**2 - 8366*p - 67089. Calculate l(-8).
31
Let f(n) = -n**3 + 27*n**2 + 463*n + 27. What is f(39)?
-168
Let a(g) = g**2 + 195*g - 9563. Determine a(-234).
-437
Let h(l) = -l**3 - 354*l**2 + 3295*l + 10166. Determine h(-363).
2
Let h(q) = q**3 + 73*q**2 - 43*q - 1269. Give h(-74).
-3563
Let q(c) = 42*c**2 + 1007*c + 2018. Give q(-2).
172
Let l(i) = -4353*i - 17406. Give l(-4).
6
Let b(d) = 7*d**2 - 775*d - 2411. Determine b(-3).
-23
Let z(x) = -2*x**3 + 43*x**2 - 45*x + 1687. Determine z(23).
-935
Let w(g) = g**3 - 118*g**2 - 4*g + 458. Give w(118).
-14
Let v(g) = -g**3 + 14*g**2 + 815*g - 6046. Give v(7).
2
Let d(h) = -86*h - 24558. Calculate d(-281).
-392
Let o(z) = 3*z**3 + 37*z**2 - 73*z - 1401. Give o(-11).
-114
Let j(w) = 3*w**3 - 287*w**2 - 1637*w + 198057. Determine j(94).
-1
Let w(r) = -408*r - 3221. Determine w(-8).
43
Let s(o) = 2226*o - 24383. What is s(11)?
103
Let p(t) = -156016*t + 2028207. Determine p(13).
-1
Let c(a) = 948688*a - 7589493. Calculate c(8).
11
Let z(u) = -3257*u - 516. Give z(-1).
2741
Let d(q) = -442675*q - 7525453. What is d(-17)?
22
Let k(z) = -34309*z + 411989. Give k(12).
281
Let s(u) = -5*u**2 - 23*u + 33. Give s(-9).
-165
Let m(q) = q**2 + 3473*q - 642194. Give m(176).
30
Let y(j) = 4*j**2 + 319*j + 4939. Determine y(-21).
4
Let g(k) = -3041*k - 6149. Give g(-2).
-67
Let k(l) = 4*l**2 - 724*l - 21061. What is k(204)?
-2293
Let c(k) = k**3 - 242*k**2 - 12*k + 2910. Give c(242).
6
Let j(n) = -13*n**2 - 46418*n - 324307. Determine j(-7).
-18
Let p(k) = 3679*k + 36756. What is p(-10)?
-34
Let q(a) = -a**3 - 88*a**2 - 480*a + 18134. Calculate q(-79).
-115
Let d(a) = -1228*a**2 + 7384*a - 87. What is d(6)?
9
Let x(o) = -o**3 - 219*o**2 - 703*o - 105733. Calculate x(-218).
-3
Let a(r) = -r**3 + 150*r**2 + 165*r - 4857. What is a(151)?
-2743
Let b(y) = 2*y**3 + 125*y**2 + 1625*y - 81. Give b(-44).
51
Let l(t) = -3879*t - 77480. Calculate l(-20).
100
Let f(b) = 582682*b + 5244115. What is f(-9)?
-23
Let v(j) = j**2 + 9880*j + 69114. Calculate v(-7).
3
Let f(h) = h**2 - 88*h + 814. Give f(93).
1279
Let x(f) = f**3 - 111*f**2 + 134*f + 9130. Determine x(109).
-26
Let t(m) = m**2 + 85*m - 9573. Give t(-156).
1503
Let b(c) = -c**3 + 4*c**2 - 85*c + 989. Calculate b(10).
-461
Let r(f) = -250*f**3 - 58*f**2 + 107*f + 1. Give r(2).
-2017
Let w(i) = -20*i**2 + 39735*i + 79476. Determine w(-2).
-74
Let s(g) = 433*g + 9837. Determine s(-33).
-4452
Let g(p) = -20241*p + 1275224. Calculate g(63).
41
Let z(s) = 587*s - 3331. Determine z(7).
778
Let a(c) = -c**3 - 65*c**2 + 342*c - 194. Give a(-70).
366
Let p(a) = 262*a - 41087. Determine p(171).
3715
Let o(k) = -35*k**3 + 205*k**2 + 47*k - 114. Give o(6).
-12
Let o(l) = 11*l**3 - 7891*l**2 + 2875*l - 5037. Give o(717).
-18
Let i(o) = o**3 - 54*o**2 + 713*o - 370. What is i(31)?
-370
Let r(i) = -i**3 + 141*i**2 - 1746*i - 18122. Determine r(126).
22
Let m(u) = -55*u - 2697. What is m(-43)?
-332
Let r(v) = -19*v**2 + 553*v + 3308. Give r(-6).
-694
Let c(s) = -s**2 - 31*s + 1864. What is c(31)?
-58
Let i(t) = t**3 - 2*t**2 + 278*t - 2641. Determine i(8).
-33
Let d(i) = i**2 - 89025*i + 16435406. Give d(185).
6
Let d(l) = -37*l**3 - 7*l**2 - 8*l - 10. Calculate d(-1).
28
Let z(c) = 4*c**2 - 3431*c + 23996. Determine z(7).
175
Let h(w) = -16*w**2 - 1090*w + 2076. What is h(-70)?
-24
Let h(y) = -2*y**3 - 292*y**2 - 318*y - 4178. Calculate h(-145).
-118
Let x(t) = 164*t - 4041. Determine x(25).
59
Let a(y) = 104*y**3 + 53*y**2 - 6*y + 1. Determine a(2).
1033
Let b(f) = f**3 - 14*f**2 + 2211*f - 52506. Calculate b(22).
8
Let k(o) = -2*o**2 + 30*o + 74700. Give k(-186).
-72
Let n(h) = 2*h**2 + 121*h - 2194. Determine n(12).
-454
Let s(f) = f**3 - 205*f**2 + 199*f + 1025. What is s(204)?
5
Let q(g) = 61*g**2 - 537*g + 9. Calculate q(7).
-761
Let b(w) = -w**3 + 28*w**2 - 313*w + 2698. What is b(19)?
0
Let y(s) = -637*s - 24534. Calculate y(-38).
-328
Let x(y) = 3*y**3 - 40*y**2 - 61*y - 538. What is x(16)?
534
Let r(c) = -1920*c - 93817. What is r(-49)?
263
Let d(o) = 118261*o + 591312. Determine d(-5).
7
Let v(h) = -3538*h - 10597. Determine v(-3).
17
Let s(t) = -2*t**3 - 655*t**2 - 321*t + 2201. Determine s(-327).
239
Let j(k) = -6793*k + 20379. Calculate j(3).
0
Let y(g) = g**3 - 52*g**2 - 2833*g + 147152. Calculate y(54).
2
Let r(o) = -4*o**3 + 4*o**2 - 263*o + 526. Determine r(2).
-16
Let v(n) = 23651*n - 756861. Give v(32).
-29
Let h(l) = -3*l**2 - 1857*l + 74880. Calculate h(-657).
-18
Let w(c) = 6081*c - 32497. Determine w(5).
-2092
Let t(r) = 8*r**2 + 198*r - 454. Give t(-27).
32
Let h(q) = -4*q**3 - 20*q**2 - 261*q - 1280. Calculate h(-5).
25
Let r(n) = -1421*n - 287039. What is r(-202)?
3
Let n(d) = d**2 - 6203*d + 68124. What is n(11)?
12
Let q(i) = -2*i**3 - 208*i**2 - 940*i + 5443. What is q(-99)?
493
Let h(t) = 2*t**3 - 347*t**2 + 511*t + 928. Determine h(172).
68
Let z(q) = -296*q**2 - 10659*q - 134. What is z(-36)?
-26
Let a(l) = -13*l**2 - 699*l + 461. Calculate a(-54).
299
Let d(q) = -28*q**3 + 3*q**2 + 143*q + 941. Determine d(-6).
6239
Let y(q) = -q**2 - 755*q + 25030. Calculate y(32).
-154
Let d(h) = -196*h**3 - 2*h**2 + 29*h + 30. What is d(-1)?
195
Let h(b) = -348*b - 21796. Give h(-63).
128
Let i(l) = -l**2 + 1706*l - 51928. What is i(31)?
-3
Let n(h) = -444*h - 30324. Calculate n(-68).
-132
Let r(l) = -25*l**2 + 3522*l - 13684. Calculate r(4).
4
Let w(u) = u**3 + 21*u**2 + 12*u - 1040. What is w(-11)?
38
Let k(u) = u**3 - 35*u**2 + 1279*u - 44816. Give k(35).
-51
Let a(w) = -49*w**2 + 11738*w - 6449. Give a(239).
4
Let i(j) = -3*j**2 - 13*j - 43. What is i(13)?
-719
Let l(f) = -f**3 + 45*f**2 - 78*f - 8930. Give l(21).
16
Let i(z) = 3*z**3 - 17*z**2 + 49*z - 271. Calculate i(6).
59
Let s(w) = 53581*w - 375022. Determine s(7).
45
Let b(u) = 2*u**3 + 119*u**2 - 3681*u + 686. Give b(-82).
-52
Let f(t) = -3593*t - 32360. What is f(-9)?
-23
Let n(h) = -68*h**3 - h**2 - 38*h - 36. Determine n(-1).
69
Let q(b) = -10*b**3 - 442*b**2 - 2709*b + 6. Calculate q(-6).
2508
Let l(o) = o**3 + 104*o**2 - 7289*o - 373. What is l(48)?
-37
Let a(j) = 3*j**3 + 24*j**2 - 140*j + 644. Give a(-13).
-71
Let q(f) = f**3 + 30*f**2 - 294*f + 1250. Calculate q(-38).
870
Let t(x) = -508*x + 77669. Determine t(153).
-55
Let g(b) = -9900*b - 2811606. Determine g(-284).
-6
Let q(l) = -19442*l - 195969. Give q(-10).
-1549
Let m(q) = -q**3 - 5*q**2 + 28*q + 616. Give m(8).
8
Let g(j) = -5*j**2 + 220*j + 999. Give g(-5).
-226
Let h(q) = -492513*q + 5910151. 